{"id":553,"date":"2020-06-21T20:30:49","date_gmt":"2020-06-21T20:30:49","guid":{"rendered":"https:\/\/haitises.com\/?post_type=product&#038;p=553"},"modified":"2024-04-17T21:13:57","modified_gmt":"2024-04-17T21:13:57","slug":"excursion-a-los-haitises-y-cano-hondo-desde-sabana-de-la-mar","status":"publish","type":"product","link":"https:\/\/visitaloshaitises.com\/hu\/magan\/excursion-a-los-haitises-y-cano-hondo-desde-sabana-de-la-mar\/","title":{"rendered":"Priv\u00e1t t\u00fara Los Haitisesbe \u00e9s Ca\u00f1o Hond\u00f3ba Sabana de la Marb\u00f3l"},"content":{"rendered":"<div class=\"vc_row wpb_row vc_row-fluid\" ><div class=\"wpb_column vc_column_container vc_col-sm-12\"><div class=\"vc_column-inner\"><div class=\"wpb_wrapper\">[mkdf_section_title subtitle_tag=\u00bb\u00bb subtitle=\u00bbAlmuerzo y Nataci\u00f3n en Piscinas Naturales\u00bb]<\/div><\/div><\/div><\/div><div class=\"vc_row wpb_row vc_row-fluid\" ><div class=\"wpb_column vc_column_container vc_col-sm-12\"><div class=\"vc_column-inner\"><div class=\"wpb_wrapper\"><div class=\"vc_empty_space\"   style=\"height: 32px\"><span class=\"vc_empty_space_inner\"><\/span><\/div><\/div><\/div><\/div><\/div><div class=\"vc_row wpb_row vc_row-fluid\" ><div class=\"wpb_column vc_column_container vc_col-sm-12\"><div class=\"vc_column-inner\"><div class=\"wpb_wrapper\">\n\t<div class=\"wpb_text_column wpb_content_element\" >\n\t\t<div class=\"wpb_wrapper\">\n\t\t\t<h2>Los Haitises Nemzeti Park + eb\u00e9d a Ca\u00f1o Hond\u00f3ban Sabana de la Marb\u00f3l<\/h2>\n<h3>Le\u00edr\u00e1s<\/h3>\n<p>Eg\u00e9sz napos kir\u00e1ndul\u00e1s a Los Haitises Nemzeti Parkba, eb\u00e9d Ca\u00f1o Hond\u00f3ban, valamint \u00fasz\u00e1s term\u00e9szetes medenc\u00e9kben. J\u00f6jj\u00f6n el vel\u00fcnk, \u00e9s l\u00e1togasson el a Dominikai K\u00f6zt\u00e1rsas\u00e1g legszebb nemzeti parkj\u00e1ba, l\u00e1togassa meg a mangrove-okat, a barlangokat \u00e9s a San Lorenzo-\u00f6bl\u00f6t. T\u00e9rjen vissza Ca\u00f1o Hondo kik\u00f6t\u0151j\u00e9be, \u00e9s s\u00e9t\u00e1ljon 15 percet egy tipikus eb\u00e9dhez, a Los Haitises Nemzeti Park \u00f3ce\u00e1nra n\u00e9z\u0151 kil\u00e1t\u00e1s\u00e1val. Ut\u00e1na f\u00fcrd\u00e9s term\u00e9szetes forr\u00e1sban 16:30-ig.<\/p>\n<ul>\n<li>Tartalmazza a sv\u00e9dasztalos eb\u00e9det.<\/li>\n<li>\u00dasszon term\u00e9szetes medenc\u00e9kben<\/li>\n<li>Az ad\u00f3kat tartalmazza<\/li>\n<li>Az \u00fatmutat\u00f3 oktat\u00e1st \u00e9s fel\u00fcgyeletet biztos\u00edt.<\/li>\n<\/ul>\n<h3>Befoglal\u00e1sok \u00e9s kiz\u00e1r\u00e1sok<\/h3>\n<h4>Z\u00e1rv\u00e1nyok<\/h4>\n<ol>\n<li>eb\u00e9d az Ecolodge-ban<\/li>\n<li>Los Haitises t\u00fara + barlangok \u00e9s piktogramok<\/li>\n<li>Minden ad\u00f3, d\u00edj \u00e9s kezel\u00e9si k\u00f6lts\u00e9g.<\/li>\n<li>Helyi ad\u00f3k<\/li>\n<li>Italok<\/li>\n<li>Minden tev\u00e9kenys\u00e9g<\/li>\n<li>Helyi idegenvezet\u0151<\/li>\n<\/ol>\n<h4>Kiz\u00e1r\u00e1sok<\/h4>\n<ol>\n<li>Tippek<\/li>\n<li>Sz\u00e1ll\u00edt\u00e1s<\/li>\n<li>Alkoholos italok<\/li>\n<\/ol>\n<h3><em>Indul\u00e1s \u00e9s visszat\u00e9r\u00e9s<\/em><\/h3>\n<p>Az utaz\u00f3 a foglal\u00e1si folyamat ut\u00e1n tal\u00e1lkoz\u00e1si pontot kap. A t\u00far\u00e1k tal\u00e1lkoz\u00e1si pontjainkon kezd\u0151dnek \u00e9s \u00e9rnek v\u00e9get.<\/p>\n<h3><em>Mi v\u00e1rhat\u00f3?<\/em><\/h3>\n<p>Vegy\u00e9l jegyet a Los Haitises Nemzeti Parkba egy csod\u00e1latos eb\u00e9ddel a Ca\u00f1o Hond\u00f3ban \u00e9s \u00faszhatsz a term\u00e9szetes forr\u00e1sokban. Tegyen egy haj\u00f3kir\u00e1ndul\u00e1st e fest\u0151i rezerv\u00e1tum mangrovef\u00e1iban, \u0151si kal\u00f3zbarlangjaiban \u00e9s v\u00e9dett erd\u0151iben a Ca\u00f1o Hondo sz\u00e1lloda k\u00f6rny\u00e9k\u00e9r\u0151l vagy Sabana de la Marb\u00f3l.<\/p>\n<p>El recorrido, organizado por \u00abBooking Adventures\u00bb, comienza en el punto de encuentro establecido con el gu\u00eda tur\u00edstico. Ven con Booking Adventures y comienza a observar algunos manglares llenos de p\u00e1jaros, colinas onduladas de exuberante vegetaci\u00f3n y cuevas del Parque Nacional Los Haitises. Excursi\u00f3n en bote desde el r\u00edo Ca\u00f1o Hondo, Sabana de la Mar.<\/p>\n<p>A ny\u00edlt San Lorenzo-\u00f6b\u00f6lben a mangrov\u00e9kon \u00e9s a sz\u00e1razf\u00f6ld\u00f6n kereszt\u00fcl, ahonnan fot\u00f3zhatja a zord erdei t\u00e1jat. N\u00e9zzen ki a v\u00edzbe, \u00e9s n\u00e9zzen meg lamantinokat, r\u00e1kf\u00e9l\u00e9ket \u00e9s delfineket.<\/p>\n<p>El nombre del parque nacional proviene de sus habitantes originales, los indios ta\u00ednos. En su idioma, \u00abHaitises\u00bb se traduce en tierras altas o colinas, una referencia a las empinadas formaciones geol\u00f3gicas de la costa con calizas. Avent\u00farate m\u00e1s en el parque para explorar cuevas como la Cueva de la Arena y la Cueva de la l\u00ednea. Las cuevas en la reserva fueron utilizadas como refugio por los indios ta\u00ednos y, m\u00e1s tarde, por los piratas escondidos. Busque dibujos de indios que decoran algunas de las paredes. Despu\u00e9s de visitar el Parque Nacional Los Haitises iremos a Ca\u00f1o Hondo. En Ca\u00f1o Hondo aprendiendo sobre esta historia de ecolodge y la hora del almuerzo con la comida t\u00edpica de la comunidad de Sabana de la Mar.<\/p>\n<p>Az eb\u00e9d finom lesz, de m\u00e9g nem v\u00e9gezt\u00fcnk. Eb\u00e9d ut\u00e1n a term\u00e9szetes forr\u00e1sban \u00faszunk a Jibales foly\u00f3t\u00f3l, egy \u00e9vel\u0151 foly\u00f3t\u00f3l a Ca\u00f1o Hondo foly\u00f3ig. Maradjon a Ca\u00f1o Hond\u00f3ban 18:00 \u00f3r\u00e1ig, ha k\u00edv\u00e1nja, vagy kevesebbet.<\/p>\n<p>A Nat\u00farmedenc\u00e9kben addig tart\u00f3zkodhat, ameddig csak szeretne \u00faszni \u00e9s t\u00far\u00e1zni. Ha veg\u00e1n vagy, mi is k\u00e9sz\u00edt\u00fcnk neked \u00e9telt.<\/p>\n<h3><em>Mit vigy\u00e9l magaddal?<\/em><\/h3>\n<ul>\n<li>Kamera<\/li>\n<li>Repellensek<\/li>\n<li>f\u00e9nyv\u00e9d\u0151 kr\u00e9m<\/li>\n<li>Kalap<\/li>\n<li>K\u00e9nyelmes nadr\u00e1g<\/li>\n<li>Erdei t\u00faracip\u0151<\/li>\n<li>Szand\u00e1l tavaszi ter\u00fcletekre.<\/li>\n<li>F\u00fcrd\u0151ruha<\/li>\n<\/ul>\n<h3><em>Sz\u00e1llodai \u00e1tv\u00e9tel<\/em><\/h3>\n<p>Ezen a t\u00far\u00e1n nem k\u00edn\u00e1lnak \u00e1tv\u00e9telt a sz\u00e1llod\u00e1b\u00f3l.<\/p>\n<p><strong>Jegyzet:<\/strong> Ha a t\u00fara\/kir\u00e1ndul\u00e1s indul\u00e1si id\u0151pontj\u00e1t\u00f3l sz\u00e1m\u00edtott 24 \u00f3r\u00e1n bel\u00fcl foglal, fel\u00e1r ellen\u00e9ben tudunk gondoskodni a sz\u00e1llodai \u00e1tv\u00e9telr\u0151l. Amint a v\u00e1s\u00e1rl\u00e1s befejez\u0151d\u00f6tt, elk\u00fcldj\u00fck \u00d6nnek a helyi idegenvezet\u0151nk teljes el\u00e9rhet\u0151s\u00e9gi adatait (telefonsz\u00e1m, e-mail c\u00edm stb.) az \u00e1tv\u00e9tel megszervez\u00e9se \u00e9rdek\u00e9ben.<\/p>\n<h3><em>Tov\u00e1bbi inform\u00e1ci\u00f3k meger\u0151s\u00edt\u00e9se<\/em><\/h3>\n<ul>\n<li>A jegyek a t\u00fara kifizet\u00e9s\u00e9t k\u00f6vet\u0151 nyugt\u00e1k. A fizet\u00e9st a telefonon tudod megjelen\u00edteni.<\/li>\n<li>A tal\u00e1lkoz\u00e1si pontot a foglal\u00e1si folyamat ut\u00e1n kapjuk meg.<\/li>\n<li>A gyermekeket feln\u0151tt k\u00eds\u00e9ret\u00e9ben kell biztos\u00edtani.<\/li>\n<li>Kerekessz\u00e9kkel nem megk\u00f6zel\u00edthet\u0151<\/li>\n<li>A csecsem\u0151knek baba\u00fcl\u00e9sben vagy feln\u0151tt mellett kell \u00fclni\u00fck<\/li>\n<li>H\u00e1tprobl\u00e9m\u00e1kkal k\u00fczd\u0151 utaz\u00f3knak nem aj\u00e1nlott.<\/li>\n<li>Terhes n\u0151knek nem aj\u00e1nlott.<\/li>\n<li>Nincsenek sz\u00edvprobl\u00e9m\u00e1k vagy egy\u00e9b s\u00falyos eg\u00e9szs\u00e9g\u00fcgyi \u00e1llapotok.<\/li>\n<li>A legt\u00f6bb utaz\u00f3 r\u00e9szt vehet.<\/li>\n<\/ul>\n<h3><em>Lemond\u00e1si felt\u00e9telek<\/em><\/h3>\n<p>A teljes visszat\u00e9r\u00edt\u00e9shez legal\u00e1bb 24 \u00f3r\u00e1val az \u00e9lm\u00e9ny kezdete el\u0151tt mondd le.<\/p>\n\n\t\t<\/div>\n\t<\/div>\n<\/div><\/div><\/div><\/div><div class=\"vc_row wpb_row vc_row-fluid\" ><div class=\"wpb_column vc_column_container vc_col-sm-12\"><div class=\"vc_column-inner\"><div class=\"wpb_wrapper\">\n\t<div class=\"wpb_video_widget wpb_content_element vc_clearfix   vc_video-aspect-ratio-169 vc_video-el-width-100 vc_video-align-left\" >\n\t\t<div class=\"wpb_wrapper\">\n\t\t\t\n\t\t\t<div class=\"wpb_video_wrapper\"><iframe loading=\"lazy\" title=\"Los Haitises Nemzeti Park, t\u00far\u00e1k \u00e9s kir\u00e1ndul\u00e1sok Saman\u00e1b\u00f3l vagy Sabana de la Marb\u00f3l. Foglaljon itt:\" src=\"https:\/\/player.vimeo.com\/video\/346508015?dnt=1&amp;app_id=122963\" width=\"1100\" height=\"619\" frameborder=\"0\" allow=\"autoplay; fullscreen\" allowfullscreen><\/iframe><\/div>\n\t\t<\/div>\n\t<\/div>\n<\/div><\/div><\/div><\/div><div class=\"vc_row wpb_row vc_row-fluid\" ><div class=\"wpb_column vc_column_container vc_col-sm-12\"><div class=\"vc_column-inner\"><div class=\"wpb_wrapper\"><div class=\"vc_empty_space\"   style=\"height: 32px\"><span class=\"vc_empty_space_inner\"><\/span><\/div>\n\t<div class=\"wpb_text_column wpb_content_element\" >\n\t\t<div class=\"wpb_wrapper\">\n\t\t\t<h4>L\u00e9pjen kapcsolatba vel\u00fcnk?<\/h4>\n<h5>Kalandfoglal\u00e1sok<\/h5>\n<p><strong><em>Helyi \u00e9s orsz\u00e1gos idegenvezet\u0151k \u00e9s vend\u00e9gszolg\u00e1ltat\u00e1sok<\/em><\/strong><\/p>\n<p>Foglal\u00e1s: t\u00far\u00e1k \u00e9s kir\u00e1ndul\u00e1sok Dom. Reps.<\/p>\n<p>Tel\/Whatsapp +1-809-720-6035.<\/p>\n<p>info@bookingadventures.com.do<\/p>\n<p>Priv\u00e1t t\u00far\u00e1kat v\u00e9gz\u00fcnk rugalmas konfigur\u00e1ci\u00f3val a Whatsapp seg\u00edts\u00e9g\u00e9vel: +18097206035.<\/p>\n\n\t\t<\/div>\n\t<\/div>\n<div class=\"vc_empty_space\"   style=\"height: 32px\"><span class=\"vc_empty_space_inner\"><\/span><\/div><\/div><\/div><\/div><\/div>","protected":false},"excerpt":{"rendered":"<p>Kir\u00e1ndul\u00e1s a Los Haitises Nemzeti Parkba Sabana de la Marb\u00f3l, mangrove, barlangok, piktogramok megtekint\u00e9se + eb\u00e9d a Ca\u00f1o Hondoban t\u00far\u00e1k \u00e9s uszod\u00e1k.<\/p>\n<p>\u00c1ll\u00edtsa be ezt a t\u00far\u00e1t egy t\u00fara\u00fatvonallal, \u00e9s t\u00e1j\u00e9koz\u00f3djon a Los Haitises Nemzeti Park t\u00f6rt\u00e9net\u00e9r\u0151l a helyi idegenvezet\u0151kt\u0151l.<\/p>","protected":false},"featured_media":82,"template":"","meta":[],"product_brand":[],"product_cat":[443,123,124],"product_tag":[126,127,128,145,202,203,132,133,146,114,204],"class_list":{"0":"post-553","1":"product","2":"type-product","3":"status-publish","4":"has-post-thumbnail","6":"product_cat-tours-y-excursiones-es","7":"product_cat-tours-excursions-los-haitises-national-park","8":"product_cat-tours-excursions-samana-bay-dominican-republic","9":"product_tag-cano-hondo","10":"product_tag-cano-hondo-hotel","11":"product_tag-cano-hondo-tours","12":"product_tag-day-tour-cano-hondo","13":"product_tag-la-arena-cave","14":"product_tag-line-cave","15":"product_tag-los-haitises","16":"product_tag-los-haitises-national-park","17":"product_tag-mangroves-los-haitises","18":"product_tag-sabana-de-la-mar","19":"product_tag-san-lorenzo-bay","21":"first","22":"instock","23":"sale","24":"sold-individually","25":"shipping-taxable","26":"product-type-external"},"_links":{"self":[{"href":"https:\/\/visitaloshaitises.com\/hu\/wp-json\/wp\/v2\/product\/553","targetHints":{"allow":["GET"]}}],"collection":[{"href":"https:\/\/visitaloshaitises.com\/hu\/wp-json\/wp\/v2\/product"}],"about":[{"href":"https:\/\/visitaloshaitises.com\/hu\/wp-json\/wp\/v2\/types\/product"}],"wp:featuredmedia":[{"embeddable":true,"href":"https:\/\/visitaloshaitises.com\/hu\/wp-json\/wp\/v2\/media\/82"}],"wp:attachment":[{"href":"https:\/\/visitaloshaitises.com\/hu\/wp-json\/wp\/v2\/media?parent=553"}],"wp:term":[{"taxonomy":"product_brand","embeddable":true,"href":"https:\/\/visitaloshaitises.com\/hu\/wp-json\/wp\/v2\/product_brand?post=553"},{"taxonomy":"product_cat","embeddable":true,"href":"https:\/\/visitaloshaitises.com\/hu\/wp-json\/wp\/v2\/product_cat?post=553"},{"taxonomy":"product_tag","embeddable":true,"href":"https:\/\/visitaloshaitises.com\/hu\/wp-json\/wp\/v2\/product_tag?post=553"}],"curies":[{"name":"wp","href":"https:\/\/api.w.org\/{rel}","templated":true}]}}

Privát túra Los Haitisesbe és Caño Hondóba Sabana de la Marból

<div class="vc_row wpb_row vc_row-fluid" ><div class="wpb_column vc_column_container vc_col-sm-12"><div class="vc_column-inner"><div class="wpb_wrapper">[mkdf_section_title subtitle_tag=»» subtitle=»Almuerzo y Natación en Piscinas Naturales»]</div></div></div></div><div class="vc_row wpb_row vc_row-fluid" ><div class="wpb_column vc_column_container vc_col-sm-12"><div class="vc_column-inner"><div class="wpb_wrapper"><div class="vc_empty_space"   style="height: 32px"><span class="vc_empty_space_inner"></span></div></div></div></div></div><div class="vc_row wpb_row vc_row-fluid" ><div class="wpb_column vc_column_container vc_col-sm-12"><div class="vc_column-inner"><div class="wpb_wrapper">
	<div class="wpb_text_column wpb_content_element" >
		<div class="wpb_wrapper">
			<h2>Los Haitises Nemzeti Park + ebéd a Caño Hondóban Sabana de la Marból</h2>
<h3>Leírás</h3>
<p>Egész napos kirándulás a Los Haitises Nemzeti Parkba, ebéd Caño Hondóban, valamint úszás természetes medencékben. Jöjjön el velünk, és látogasson el a Dominikai Köztársaság legszebb nemzeti parkjába, látogassa meg a mangrove-okat, a barlangokat és a San Lorenzo-öblöt. Térjen vissza Caño Hondo kikötőjébe, és sétáljon 15 percet egy tipikus ebédhez, a Los Haitises Nemzeti Park óceánra néző kilátásával. Utána fürdés természetes forrásban 16:30-ig.</p>
<ul>
<li>Tartalmazza a svédasztalos ebédet.</li>
<li>Ússzon természetes medencékben</li>
<li>Az adókat tartalmazza</li>
<li>Az útmutató oktatást és felügyeletet biztosít.</li>
</ul>
<h3>Befoglalások és kizárások</h3>
<h4>Zárványok</h4>
<ol>
<li>ebéd az Ecolodge-ban</li>
<li>Los Haitises túra + barlangok és piktogramok</li>
<li>Minden adó, díj és kezelési költség.</li>
<li>Helyi adók</li>
<li>Italok</li>
<li>Minden tevékenység</li>
<li>Helyi idegenvezető</li>
</ol>
<h4>Kizárások</h4>
<ol>
<li>Tippek</li>
<li>Szállítás</li>
<li>Alkoholos italok</li>
</ol>
<h3><em>Indulás és visszatérés</em></h3>
<p>Az utazó a foglalási folyamat után találkozási pontot kap. A túrák találkozási pontjainkon kezdődnek és érnek véget.</p>
<h3><em>Mi várható?</em></h3>
<p>Vegyél jegyet a Los Haitises Nemzeti Parkba egy csodálatos ebéddel a Caño Hondóban és úszhatsz a természetes forrásokban. Tegyen egy hajókirándulást e festői rezervátum mangrovefáiban, ősi kalózbarlangjaiban és védett erdőiben a Caño Hondo szálloda környékéről vagy Sabana de la Marból.</p>
<p>El recorrido, organizado por «Booking Adventures», comienza en el punto de encuentro establecido con el guía turístico. Ven con Booking Adventures y comienza a observar algunos manglares llenos de pájaros, colinas onduladas de exuberante vegetación y cuevas del Parque Nacional Los Haitises. Excursión en bote desde el río Caño Hondo, Sabana de la Mar.</p>
<p>A nyílt San Lorenzo-öbölben a mangrovékon és a szárazföldön keresztül, ahonnan fotózhatja a zord erdei tájat. Nézzen ki a vízbe, és nézzen meg lamantinokat, rákféléket és delfineket.</p>
<p>El nombre del parque nacional proviene de sus habitantes originales, los indios taínos. En su idioma, «Haitises» se traduce en tierras altas o colinas, una referencia a las empinadas formaciones geológicas de la costa con calizas. Aventúrate más en el parque para explorar cuevas como la Cueva de la Arena y la Cueva de la línea. Las cuevas en la reserva fueron utilizadas como refugio por los indios taínos y, más tarde, por los piratas escondidos. Busque dibujos de indios que decoran algunas de las paredes. Después de visitar el Parque Nacional Los Haitises iremos a Caño Hondo. En Caño Hondo aprendiendo sobre esta historia de ecolodge y la hora del almuerzo con la comida típica de la comunidad de Sabana de la Mar.</p>
<p>Az ebéd finom lesz, de még nem végeztünk. Ebéd után a természetes forrásban úszunk a Jibales folyótól, egy évelő folyótól a Caño Hondo folyóig. Maradjon a Caño Hondóban 18:00 óráig, ha kívánja, vagy kevesebbet.</p>
<p>A Natúrmedencékben addig tartózkodhat, ameddig csak szeretne úszni és túrázni. Ha vegán vagy, mi is készítünk neked ételt.</p>
<h3><em>Mit vigyél magaddal?</em></h3>
<ul>
<li>Kamera</li>
<li>Repellensek</li>
<li>fényvédő krém</li>
<li>Kalap</li>
<li>Kényelmes nadrág</li>
<li>Erdei túracipő</li>
<li>Szandál tavaszi területekre.</li>
<li>Fürdőruha</li>
</ul>
<h3><em>Szállodai átvétel</em></h3>
<p>Ezen a túrán nem kínálnak átvételt a szállodából.</p>
<p><strong>Jegyzet:</strong> Ha a túra/kirándulás indulási időpontjától számított 24 órán belül foglal, felár ellenében tudunk gondoskodni a szállodai átvételről. Amint a vásárlás befejeződött, elküldjük Önnek a helyi idegenvezetőnk teljes elérhetőségi adatait (telefonszám, e-mail cím stb.) az átvétel megszervezése érdekében.</p>
<h3><em>További információk megerősítése</em></h3>
<ul>
<li>A jegyek a túra kifizetését követő nyugták. A fizetést a telefonon tudod megjeleníteni.</li>
<li>A találkozási pontot a foglalási folyamat után kapjuk meg.</li>
<li>A gyermekeket felnőtt kíséretében kell biztosítani.</li>
<li>Kerekesszékkel nem megközelíthető</li>
<li>A csecsemőknek babaülésben vagy felnőtt mellett kell ülniük</li>
<li>Hátproblémákkal küzdő utazóknak nem ajánlott.</li>
<li>Terhes nőknek nem ajánlott.</li>
<li>Nincsenek szívproblémák vagy egyéb súlyos egészségügyi állapotok.</li>
<li>A legtöbb utazó részt vehet.</li>
</ul>
<h3><em>Lemondási feltételek</em></h3>
<p>A teljes visszatérítéshez legalább 24 órával az élmény kezdete előtt mondd le.</p>

		</div>
	</div>
</div></div></div></div><div class="vc_row wpb_row vc_row-fluid" ><div class="wpb_column vc_column_container vc_col-sm-12"><div class="vc_column-inner"><div class="wpb_wrapper">
	<div class="wpb_video_widget wpb_content_element vc_clearfix   vc_video-aspect-ratio-169 vc_video-el-width-100 vc_video-align-left" >
		<div class="wpb_wrapper">
			
			<div class="wpb_video_wrapper"><iframe loading="lazy" title="Los Haitises Nemzeti Park, túrák és kirándulások Samanából vagy Sabana de la Marból. Foglaljon itt:" src="https://player.vimeo.com/video/346508015?dnt=1&amp;app_id=122963" width="1100" height="619" frameborder="0" allow="autoplay; fullscreen" allowfullscreen></iframe></div>
		</div>
	</div>
</div></div></div></div><div class="vc_row wpb_row vc_row-fluid" ><div class="wpb_column vc_column_container vc_col-sm-12"><div class="vc_column-inner"><div class="wpb_wrapper"><div class="vc_empty_space"   style="height: 32px"><span class="vc_empty_space_inner"></span></div>
	<div class="wpb_text_column wpb_content_element" >
		<div class="wpb_wrapper">
			<h4>Lépjen kapcsolatba velünk?</h4>
<h5>Kalandfoglalások</h5>
<p><strong><em>Helyi és országos idegenvezetők és vendégszolgáltatások</em></strong></p>
<p>Foglalás: túrák és kirándulások Dom. Reps.</p>
<p>Tel/Whatsapp +1-809-720-6035.</p>
<p>info@bookingadventures.com.do</p>
<p>Privát túrákat végzünk rugalmas konfigurációval a Whatsapp segítségével: +18097206035.</p>

		</div>
	</div>
<div class="vc_empty_space"   style="height: 32px"><span class="vc_empty_space_inner"></span></div></div></div></div></div>

<p>Kirándulás a Los Haitises Nemzeti Parkba Sabana de la Marból, mangrove, barlangok, piktogramok megtekintése + ebéd a Caño Hondoban túrák és uszodák.</p>
<p>Állítsa be ezt a túrát egy túraútvonallal, és tájékozódjon a Los Haitises Nemzeti Park történetéről a helyi idegenvezetőktől.</p>
